se
Does 3 divide 24330?
True
Is 2 a factor of 105?
False
Is 7553 a multiple of 5?
False
Does 16 divide 1328?
True
Does 5 divide 801?
False
Is 25 a multiple of 4?
False
Is 7020 a multiple of 12?
True
Is 200 a factor of 7200?
True
Does 9 divide 313?
False
Is 26 a factor of 2546?
False
Does 20 divide 280?
True
Is 3128 a multiple of 34?
True
Is 8 a factor of 3151?
False
Does 25 divide 847?
False
Is 342 a multiple of 38?
True
Is 18 a factor of 918?
True
Is 12 a factor of 3264?
True
Does 14 divide 1680?
True
Does 55 divide 495?
True
Is 21061 a multiple of 24?
False
Is 26917 a multiple of 173?
False
Does 100 divide 32700?
True
Is 15675 a multiple of 15?
True
Is 171 a multiple of 12?
False
Is 1968 a multiple of 14?
False
Is 99 a factor of 19614?
False
Is 500 a multiple of 10?
True
Is 26 a factor of 19344?
True
Is 4060 a multiple of 35?
True
Does 20 divide 3420?
True
Does 14 divide 238?
True
Is 1344 a multiple of 14?
True
Is 110 a factor of 16060?
True
Is 181 a factor of 9490?
False
Is 6690 a multiple of 15?
True
Is 24 a factor of 339?
False
Is 97314 a multiple of 6?
True
Is 44 a factor of 8756?
True
Does 35 divide 4095?
True
Is 40 a factor of 3325?
False
Is 1955 a multiple of 115?
True
Is 11 a factor of 725?
False
Is 385 a multiple of 2?
False
Does 17 divide 3298?
True
Does 153 divide 62215?
False
Is 5184 a multiple of 27?
True
Is 702 a multiple of 84?
False
Does 50 divide 1437?
False
Does 95 divide 7588?
False
Is 735 a multiple of 15?
True
Is 67828 a multiple of 207?
False
Does 5 divide 233?
False
Is 41 a factor of 2329?
False
Is 607 a multiple of 12?
False
Does 59 divide 31942?
False
Is 21 a factor of 518?
False
Is 384 a multiple of 4?
True
Is 23 a factor of 46782?
True
Is 804 a multiple of 12?
True
Is 27 a factor of 547?
False
Does 12 divide 6822?
False
Does 11 divide 66?
True
Is 11180 a multiple of 43?
True
Is 2049 a multiple of 2?
False
Does 16 divide 55?
False
Does 8 divide 862?
False
Does 9 divide 1713?
False
Is 2368 a multiple of 8?
True
Does 13 divide 10276?
False
Is 5676 a multiple of 11?
True
Is 492 a multiple of 164?
True
Does 9 divide 795?
False
Is 2 a factor of 179?
False
Is 13 a factor of 40295?
False
Does 51 divide 12036?
True
Does 29 divide 9574?
False
Is 25 a factor of 4093?
False
Is 1917 a multiple of 3?
True
Does 6 divide 18876?
True
Does 27 divide 2025?
True
Does 29 divide 81693?
True
Does 6 divide 351?
False
Is 17 a factor of 2858?
False
Does 42 divide 4913?
False
Is 8246 a multiple of 185?
False
Is 72 a factor of 44352?
True
Is 4585 a multiple of 7?
True
Is 65 a factor of 21473?
False
Is 285 a factor of 2956?
False
Is 43 a factor of 516?
True
Is 10 a factor of 800?
True
Is 15045 a multiple of 17?
True
Is 2 a factor of 80?
True
Does 82 divide 184?
False
Does 8 divide 240?
True
Does 7 divide 6889?
False
Is 17401 a multiple of 6?
False
Does 8 divide 5314?
False
Is 2511 a multiple of 132?
False
Is 1335 a multiple of 3?
True
Is 115 a factor of 16560?
True
Does 74 divide 1776?
True
Does 23 divide 5924?
False
Is 6083 even?
False
Is 18 a factor of 153?
False
Is 1350 a multiple of 27?
True
Is 8576 a multiple of 8?
True
Does 8 divide 34692?
False
Is 1012 a multiple of 44?
True
Is 6 a factor of 1009?
False
Is 23 a factor of 11424?
False
Is 43067 a multiple of 49?
False
Is 8 a factor of 806?
False
Is 5 a factor of 2320?
True
Is 8651 a multiple of 19?
False
Is 62 a factor of 7583?
False
Is 6147 a multiple of 9?
True
Is 34 a factor of 2445?
False
Is 80 a multiple of 8?
True
Is 84 a factor of 420?
True
Is 44 a factor of 1144?
True
Is 924 a multiple of 42?
True
Is 4422 a multiple of 156?
False
Does 138 divide 16836?
True
Is 8730 a multiple of 18?
True
Is 78 a factor of 56706?
True
Is 4012 a multiple of 2?
True
Does 166 divide 2067?
False
Is 55013 a multiple of 203?
True
Is 10 a factor of 3375?
False
Is 30 a factor of 5910?
True
Is 770 a multiple of 77?
True
Does 31 divide 899?
True
Is 162 a factor of 41310?
True
Is 425 a multiple of 85?
True
Is 630 a multiple of 15?
True
Is 1460 a multiple of 10?
True
Does 5 divide 580?
True
Is 20 a factor of 1040?
True
Is 102 a factor of 10696?
False
Does 16 divide 5632?
True
Does 299 divide 84318?
True
Does 39 divide 28736?
False
Is 41409 a multiple of 76?
False
Does 86 divide 1428?
False
Is 61 a factor of 3721?
True
Is 136 a factor of 607?
False
Does 39 divide 585?
True
Does 14 divide 11088?
True
Does 229 divide 10655?
False
Is 135 a factor of 5805?
True
Is 26 a factor of 3406?
True
Is 14 a factor of 120890?
True
Does 5 divide 17876?
False
Is 13236 a multiple of 180?
False
Is 10 a factor of 3734?
False
Is 15 a factor of 179?
False
Does 2 divide 91?
False
Is 20 a factor of 3760?
True
Does 35 divide 102876?
False
Is 25636 a multiple of 68?
True
Is 95 a factor of 475?
True
Is 17427 a multiple of 23?
False
Is 38 a factor of 76?
True
Does 83 divide 2324?
True
Is 6 a factor of 252?
True
Does 80 divide 3032?
False
Does 48 divide 240?
True
Is 114 a factor of 5641?
False
Is 26036 a multiple of 46?
True
Does 34 divide 4088?
False
Is 778 a multiple of 50?
False
Is 400 a multiple of 20?
True
Is 28 a factor of 211?
False
Is 109 even?
False
Does 53 divide 38829?
False
Does 55 divide 2860?
True
Is 11 a factor of 2198?
False
Is 2809 a multiple of 2?
False
Is 15720 a multiple of 262?
True
Does 15 divide 375?
True
Is 165 a factor of 109426?
False
Is 39 a factor of 38284?
False
Does 79 divide 3372?
False
Is 14141 a multiple of 79?
True
Does 47 divide 19364?
True
Is 49 a factor of 385?
False
Does 115 divide 1857?
False
Does 17 divide 249?
False
Is 3015 a multiple of 9?
True
Does 35 divide 604?
False
Does 49 divide 1470?
True
Does 30 divide 12173?
False
Is 10076 a multiple of 22?
True
Is 58075 a multiple of 115?
True
Is 33 a factor of 1551?
True
Is 473 a multiple of 11?
True
Does 6 divide 9354?
True
Does 6 divide 1860?
True
Is 13 a factor of 247?
True
Is 1602 a multiple of 39?
False
Is 35064 a multiple of 11?
False
Does 18 divide 17424?
True
Is 13 a factor of 607?
False
Is 4 a factor of 72?
True
Is 220 a multiple of 16?
False
Is 82498 a multiple of 197?
False
Does 9 divide 2430?
True
Is 1170 a multiple of 15?
True
Does 2 divide 140?
True
Does 18 divide 5184?
True
Is 14 a factor of 68079?
False
Is 42114 a multiple of 208?
False
Is 6 a factor of 654?
True
Is 42 a multiple of 42?
True
Is 6 a factor of 1432?
False
Is 88 a factor of 658?
False
Does 24 divide 1632?
True
Is 10 a factor of 7512?
False
Is 21 a factor of 14007?
True
Does 17 divide 44506?
True
Does 11 divide 946?
True
Is 1287 a multiple of 12?
False
Does 22 divide 47575?
False
Does 47 divide 1613?
False
Is 4635 a multiple of 103?
True
Is 25420 a multiple of 10?
True
Does 31 divide 217?
True
Is 76 a factor of 10065?
False
Does 113 divide 5432?
False
Is 209 a multiple of 37?
False
Is 8 a factor of 1200?
True
Is 20846 a multiple of 7?
True
Is 12272 a multiple of 13?
True
Is 12752 a multiple of 14?
False
Is 2 a factor of 3321?
False
Is 26 a factor of 8190?
True
Does 68 divide 6961?
False
Is 4540 a multiple of 80?
False
Is 10 a factor of 1510?
True
Is 1048 a multiple of 20?
False
Is 118 a factor of 2242?
True
Is 11 a factor of 7172?
True
Does 19 divide 1434?
False
Is 1680 a multiple of 12?
True
Does 42 divide 252?
True
Is 957 a multiple of 29?
True
Is 271 a factor of 67996?
False
Is 1039 a multiple of 12?
False
Is 3084 a multiple of 74?
False
Does 54 divide 6426?
True
Is 69 a factor of 621?
True
Is 624 a multiple of 52?
True
Is 10425 a multiple of 139?
True
Is 120 a multiple of 60?
True
Does 38 divide 121334?
True
Is 986 a multiple of 29?
True
Is 1672 a multiple of 88?
True
Is 9460 a multiple of 172?
True
Is 9 a factor of 3168?
True
Is 1201 a multiple of 35?
False
Does 40 divide 18960?
True
Does 30 divide 960?
True
Is 315 a multiple of 11?
False
Is 18 a factor of 162?
True
Is 1765 a multiple of 5?
True
Is 16 a factor of 61578?
False
Is 20 a factor of 1900?
True
Does 15 divide 89010?
True
Does 37 divide 222?
True
Is 16291 a multiple of 16?
False
Is 137 a factor of 932?
False
Is 527 a multiple of 17?
True
Is 16 a factor of 705?
False
Does 14 divide 6308?
False
Does 4 divide 1898?
False
Is 3465 a multiple of 55?
True
Is 28 a factor of 1372?
True
Is 17 a factor of 2788?
True
Is 14 a factor of 4303?
False
Is 13956 a multiple of 6?
True
Is 5809 a multiple of 34?
False
Is 18 a fa